{"id":943,"date":"2021-10-01T17:51:36","date_gmt":"2021-10-01T15:51:36","guid":{"rendered":"http:\/\/source-d-eveil.fr\/?page_id=943"},"modified":"2026-04-16T17:05:31","modified_gmt":"2026-04-16T15:05:31","slug":"qui-suis-je","status":"publish","type":"page","link":"https:\/\/eveil-sacre.fr\/index.php\/qui-suis-je\/","title":{"rendered":"Qui suis-je ?"},"content":{"rendered":"<div  style='padding-bottom:10px; ' class='av-special-heading av-special-heading-h1  blockquote modern-quote modern-centered  avia-builder-el-0  el_before_av_one_full  avia-builder-el-first  '><h1 class='av-special-heading-tag '  itemprop=\"headline\"  >Qui suis-je ?<\/h1><div class='special-heading-border'><div class='special-heading-inner-border' ><\/div><\/div><\/div>\n<div class=\"flex_column av_one_full  flex_column_div av-zero-column-padding first  avia-builder-el-1  el_after_av_heading  el_before_av_one_fifth  \" style='border-radius:0px; '><div  class='avia-image-container  av-styling-    avia-builder-el-2  avia-builder-el-no-sibling  avia-align-center '  itemprop=\"image\" itemscope=\"itemscope\" itemtype=\"https:\/\/schema.org\/ImageObject\"  ><div class='avia-image-container-inner'><div class='avia-image-overlay-wrap'><img decoding=\"async\" class='wp-image-1102 avia-img-lazy-loading-not-1102 avia_image' src=\"https:\/\/eveil-sacre.fr\/wp-content\/uploads\/2025\/05\/Design-sans-titre-4-300x240.png\" alt='' title='Design sans titre (4)' height=\"240\" width=\"300\"  itemprop=\"thumbnailUrl\" srcset=\"https:\/\/eveil-sacre.fr\/wp-content\/uploads\/2025\/05\/Design-sans-titre-4-300x240.png 300w, https:\/\/eveil-sacre.fr\/wp-content\/uploads\/2025\/05\/Design-sans-titre-4-1030x824.png 1030w, https:\/\/eveil-sacre.fr\/wp-content\/uploads\/2025\/05\/Design-sans-titre-4-768x614.png 768w, https:\/\/eveil-sacre.fr\/wp-content\/uploads\/2025\/05\/Design-sans-titre-4-1536x1229.png 1536w, https:\/\/eveil-sacre.fr\/wp-content\/uploads\/2025\/05\/Design-sans-titre-4-1500x1200.png 1500w, https:\/\/eveil-sacre.fr\/wp-content\/uploads\/2025\/05\/Design-sans-titre-4-705x564.png 705w, https:\/\/eveil-sacre.fr\/wp-content\/uploads\/2025\/05\/Design-sans-titre-4.png 2000w\" sizes=\"(max-width: 300px) 100vw, 300px\" \/><\/div><\/div><\/div><\/div>\n<div class=\"flex_column av_one_fifth  flex_column_div av-zero-column-padding first  avia-builder-el-3  el_after_av_one_full  el_before_av_three_fifth  column-top-margin\" style='border-radius:0px; '><div  class='avia-image-container  av-styling-    avia-builder-el-4  avia-builder-el-no-sibling  avia-align-center '  itemprop=\"image\" itemscope=\"itemscope\" itemtype=\"https:\/\/schema.org\/ImageObject\"  ><div class='avia-image-container-inner'><div class='avia-image-overlay-wrap'><img decoding=\"async\" class='wp-image-1103 avia-img-lazy-loading-not-1103 avia_image' src=\"https:\/\/eveil-sacre.fr\/wp-content\/uploads\/2025\/05\/mandala-rose-300x240.jpg\" alt='' title='mandala rose' height=\"240\" width=\"300\"  itemprop=\"thumbnailUrl\" srcset=\"https:\/\/eveil-sacre.fr\/wp-content\/uploads\/2025\/05\/mandala-rose-300x240.jpg 300w, https:\/\/eveil-sacre.fr\/wp-content\/uploads\/2025\/05\/mandala-rose-1030x824.jpg 1030w, https:\/\/eveil-sacre.fr\/wp-content\/uploads\/2025\/05\/mandala-rose-768x614.jpg 768w, https:\/\/eveil-sacre.fr\/wp-content\/uploads\/2025\/05\/mandala-rose-1536x1229.jpg 1536w, https:\/\/eveil-sacre.fr\/wp-content\/uploads\/2025\/05\/mandala-rose-1500x1200.jpg 1500w, https:\/\/eveil-sacre.fr\/wp-content\/uploads\/2025\/05\/mandala-rose-705x564.jpg 705w, https:\/\/eveil-sacre.fr\/wp-content\/uploads\/2025\/05\/mandala-rose.jpg 2000w\" sizes=\"(max-width: 300px) 100vw, 300px\" \/><\/div><\/div><\/div><\/div>\n<div class=\"flex_column av_three_fifth  flex_column_div av-zero-column-padding   avia-builder-el-5  el_after_av_one_fifth  el_before_av_one_fifth  column-top-margin\" style='border-radius:0px; '><section class=\"av_textblock_section \"  itemscope=\"itemscope\" itemtype=\"https:\/\/schema.org\/CreativeWork\" ><div class='avia_textblock  '   itemprop=\"text\" ><div dir=\"auto\">\n<div class=\"x11i5rnm xat24cr x1mh8g0r x1vvkbs xtlvy1s x126k92a\">\n<div dir=\"auto\">\n<div class=\"x11i5rnm xat24cr x1mh8g0r x1vvkbs xtlvy1s x126k92a\"><\/div>\n<\/div>\n<\/div>\n<\/div>\n<div class=\"x11i5rnm xat24cr x1mh8g0r x1vvkbs xtlvy1s x126k92a\" style=\"text-align: center;\">\n<div dir=\"auto\">\n<div class=\"x11i5rnm xat24cr x1mh8g0r x1vvkbs xtlvy1s x126k92a\"><\/div>\n<div class=\"x11i5rnm xat24cr x1mh8g0r x1vvkbs xtlvy1s x126k92a\">\n<div dir=\"auto\"><\/div>\n<div dir=\"auto\">\n<p>Bonjour et bienvenue<\/p>\n<p>Je vous partage mon parcours<\/p>\n<p>Depuis toujours, <strong>je suis attir\u00e9e par les incroyables ressources du corps humain, le bien-\u00eatre et tout ce qui permet \u00e0 chacun de se reconnecter \u00e0 soi-m\u00eame<\/strong>. C\u2019est cette sensibilit\u00e9 qui m\u2019a amen\u00e9e \u00e0 me former d\u2019abord au <strong>REIKI<\/strong>, une pratique \u00e9nerg\u00e9tique que j\u2019ai commenc\u00e9 \u00e0 exp\u00e9rimenter sur moi-m\u00eame et aupr\u00e8s de mes proches.<\/p>\n<p><strong>Anim\u00e9e \u00e9galement par une grande passion pour l\u2019accompagnement et l\u2019\u00e9ducation<\/strong>, je me suis form\u00e9e pendant trois ann\u00e9es pour devenir <strong>\u00c9DUCATRICE DE JEUNE ENFANTS<\/strong>. J\u2019ai eu la chance d\u2019exercer dans des univers vari\u00e9s et enrichissants : en cr\u00e8che, dans la protection de l\u2019enfance, au relais parental de la Croix-Rouge, en service d\u2019accueil maternel ainsi qu\u2019aupr\u00e8s de femmes victimes de violences.<\/p>\n<p>Ces exp\u00e9riences ont nourri ma vision de l\u2019accompagnement. Avec le temps, j\u2019ai ressenti le besoin d\u2019offrir une pr\u00e9sence plus individualis\u00e9e, plus douce et plus profonde.<\/p>\n<p>Je me suis ensuite form\u00e9e au <strong>SHIATSU<\/strong>, <strong>issu de la m\u00e9decine traditionnelle chinoise<\/strong>, que j\u2019ai pratiqu\u00e9 en parall\u00e8le de mon m\u00e9tier d\u2019\u00e9ducatrice. J\u2019aime l\u2019approche globale de ce soin, la recherche d\u2019\u00e9quilibre ainsi que le lien profond entre le corps et l\u2019esprit.<\/p>\n<p>En 2021, <strong>je lance officiellement mon activit\u00e9<\/strong>, d\u2019abord sous le nom de Source d\u2019\u00c9veil, devenue aujourd\u2019hui \u00c9veil Sacr\u00e9, symbole d\u2019une \u00e9volution naturelle, plus align\u00e9e encore avec ce que je souhaite transmettre.<\/p>\n<p>Tr\u00e8s vite, <strong>je me sp\u00e9cialise dans la P\u00c9RINATALIT\u00c9<\/strong>\u00a0avec les <strong>massages pr\u00e9 et postnataux<\/strong>, ainsi que le <strong>massage b\u00e9b\u00e9<\/strong>. Puis le d\u00e9sir d\u2019accompagner toutes les femmes de mani\u00e8re holistique m&rsquo;a appel\u00e9. J\u2019ai alors commenc\u00e9 une formation en<strong> SANT\u00c9 F\u00c9MININE<\/strong> et enrichi ma pratique avec de nombreux outils pr\u00e9cieux : le <strong>Rebozo<\/strong> pour soutenir la grossesse et le post-partum, les <strong>massages du ventre et de l\u2019ut\u00e9rus<\/strong>, ainsi que diff\u00e9rentes approches permettant de <strong>lib\u00e9rer les m\u00e9moires transg\u00e9n\u00e9rationnelles ou li\u00e9es aux exp\u00e9riences de vie.<\/strong><\/p>\n<p>Devenir maman a \u00e9galement transform\u00e9 ma mani\u00e8re d\u2019accompagner. Cette exp\u00e9rience intense, bouleversante et sacr\u00e9e a approfondi mon regard sur la maternit\u00e9, le corps des femmes et les besoins de soutien dans ces passages de vie si puissants.<\/p>\n<p><strong>Aujourd\u2019hui, j\u2019ai \u00e0 c\u0153ur d\u2019aider chacun \u00e0 retrouver son \u00e9quilibre, \u00e0 rayonner pleinement et \u00e0 se sentir soutenu sur son chemin, dans la maternit\u00e9, la parentalit\u00e9 ou simplement dans la vie.<\/strong><\/p>\n<p><strong>J\u2019aime cr\u00e9er des moments doux, profonds et porteurs de sens, que ce soit en s\u00e9ance individuelle ou lors d\u2019ateliers collectifs<\/strong>. Je crois profond\u00e9ment que le sacr\u00e9 peut se r\u00e9v\u00e9ler dans les gestes simples, dans la pr\u00e9sence, dans l\u2019\u00e9coute et dans chaque transformation int\u00e9rieure.<\/p>\n<p>Au plaisir de vous rencontrer et de vous accompagner sur votre chemin.<\/p>\n<p>Avec amour,<\/p>\n<p>Manon<\/p>\n<\/div>\n<\/div>\n<\/div>\n<\/div>\n<div class=\"x11i5rnm xat24cr x1mh8g0r x1vvkbs xtlvy1s x126k92a\">\n<div dir=\"auto\" style=\"text-align: center;\"><\/div>\n<\/div>\n<\/div><\/section><\/div><div class=\"flex_column av_one_fifth  flex_column_div av-zero-column-padding   avia-builder-el-7  el_after_av_three_fifth  el_before_av_one_full  column-top-margin\" style='border-radius:0px; '><div  class='avia-image-container  av-styling-    avia-builder-el-8  avia-builder-el-no-sibling  avia-align-center '  itemprop=\"image\" itemscope=\"itemscope\" itemtype=\"https:\/\/schema.org\/ImageObject\"  ><div class='avia-image-container-inner'><div class='avia-image-overlay-wrap'><img decoding=\"async\" class='wp-image-1103 avia-img-lazy-loading-not-1103 avia_image' src=\"https:\/\/eveil-sacre.fr\/wp-content\/uploads\/2025\/05\/mandala-rose-300x240.jpg\" alt='' title='mandala rose' height=\"240\" width=\"300\"  itemprop=\"thumbnailUrl\" srcset=\"https:\/\/eveil-sacre.fr\/wp-content\/uploads\/2025\/05\/mandala-rose-300x240.jpg 300w, https:\/\/eveil-sacre.fr\/wp-content\/uploads\/2025\/05\/mandala-rose-1030x824.jpg 1030w, https:\/\/eveil-sacre.fr\/wp-content\/uploads\/2025\/05\/mandala-rose-768x614.jpg 768w, https:\/\/eveil-sacre.fr\/wp-content\/uploads\/2025\/05\/mandala-rose-1536x1229.jpg 1536w, https:\/\/eveil-sacre.fr\/wp-content\/uploads\/2025\/05\/mandala-rose-1500x1200.jpg 1500w, https:\/\/eveil-sacre.fr\/wp-content\/uploads\/2025\/05\/mandala-rose-705x564.jpg 705w, https:\/\/eveil-sacre.fr\/wp-content\/uploads\/2025\/05\/mandala-rose.jpg 2000w\" sizes=\"(max-width: 300px) 100vw, 300px\" \/><\/div><\/div><\/div><\/div><\/p>\n<div class=\"flex_column av_one_full  flex_column_div av-zero-column-padding first  avia-builder-el-9  el_after_av_one_fifth  avia-builder-el-last  column-top-margin\" style='background: #37909b; background-color:#37909b; border-radius:0px; '><section class=\"av_textblock_section \"  itemscope=\"itemscope\" itemtype=\"https:\/\/schema.org\/CreativeWork\" ><div class='avia_textblock  av_inherit_color '  style='color:#ffffff; '  itemprop=\"text\" ><blockquote><span  class=\"av_font_icon avia_animate_when_visible avia-icon-animate  av-icon-style-  av-no-color avia-icon-pos-left \" style=\"\"><span class='av-icon-char' style='font-size:40px;line-height:40px;' aria-hidden='true' data-av_icon='\ue837' data-av_iconfont='entypo-fontello' ><\/span><\/span>\n<p style=\"text-align: center;\">\u00ab\u00a0Fais de ta vie un r\u00eave et d&rsquo;un r\u00eave une r\u00e9alit\u00e9\u00a0\u00bb<\/p>\n<p style=\"text-align: center;\">Antoine de Saint-Exup\u00e9ry<\/p>\n<\/blockquote>\n<\/div><\/section><\/div>\n","protected":false},"excerpt":{"rendered":"","protected":false},"author":1,"featured_media":0,"parent":0,"menu_order":0,"comment_status":"closed","ping_status":"closed","template":"","meta":{"footnotes":""},"class_list":["post-943","page","type-page","status-publish","hentry"],"yoast_head":"<!-- This site is optimized with the Yoast SEO plugin v19.0 - https:\/\/yoast.com\/wordpress\/plugins\/seo\/ -->\n<title>Qui suis-je ? - WordPress<\/title>\n<meta name=\"description\" content=\"&quot;Source d&#039;\u00e9veil - Manon Brasselet&quot; c&#039;est divers outils pour \u00e9veiller les b\u00e9b\u00e9s, les enfants et les adultes au bien-\u00eatre, sur Pornichet.\" \/>\n<meta name=\"robots\" content=\"index, follow, max-snippet:-1, max-image-preview:large, max-video-preview:-1\" \/>\n<link rel=\"canonical\" href=\"https:\/\/eveil-sacre.fr\/index.php\/qui-suis-je\/\" \/>\n<meta property=\"og:locale\" content=\"fr_FR\" \/>\n<meta property=\"og:type\" content=\"article\" \/>\n<meta property=\"og:title\" content=\"Qui suis-je ? - WordPress\" \/>\n<meta property=\"og:description\" content=\"&quot;Source d&#039;\u00e9veil - Manon Brasselet&quot; c&#039;est divers outils pour \u00e9veiller les b\u00e9b\u00e9s, les enfants et les adultes au bien-\u00eatre, sur Pornichet.\" \/>\n<meta property=\"og:url\" content=\"https:\/\/eveil-sacre.fr\/index.php\/qui-suis-je\/\" \/>\n<meta property=\"og:site_name\" content=\"WordPress\" \/>\n<meta property=\"article:modified_time\" content=\"2026-04-16T15:05:31+00:00\" \/>\n<meta name=\"twitter:card\" content=\"summary_large_image\" \/>\n<meta name=\"twitter:label1\" content=\"Dur\u00e9e de lecture estim\u00e9e\" \/>\n\t<meta name=\"twitter:data1\" content=\"3 minutes\" \/>\n<script type=\"application\/ld+json\" class=\"yoast-schema-graph\">{\"@context\":\"https:\/\/schema.org\",\"@graph\":[{\"@type\":\"WebSite\",\"@id\":\"https:\/\/eveil-sacre.fr\/#website\",\"url\":\"https:\/\/eveil-sacre.fr\/\",\"name\":\"WordPress\",\"description\":\"Un site utilisant WordPress\",\"potentialAction\":[{\"@type\":\"SearchAction\",\"target\":{\"@type\":\"EntryPoint\",\"urlTemplate\":\"https:\/\/eveil-sacre.fr\/?s={search_term_string}\"},\"query-input\":\"required name=search_term_string\"}],\"inLanguage\":\"fr-FR\"},{\"@type\":\"WebPage\",\"@id\":\"https:\/\/eveil-sacre.fr\/index.php\/qui-suis-je\/#webpage\",\"url\":\"https:\/\/eveil-sacre.fr\/index.php\/qui-suis-je\/\",\"name\":\"Qui suis-je ? - WordPress\",\"isPartOf\":{\"@id\":\"https:\/\/eveil-sacre.fr\/#website\"},\"datePublished\":\"2021-10-01T15:51:36+00:00\",\"dateModified\":\"2026-04-16T15:05:31+00:00\",\"description\":\"\\\"Source d'\u00e9veil - Manon Brasselet\\\" c'est divers outils pour \u00e9veiller les b\u00e9b\u00e9s, les enfants et les adultes au bien-\u00eatre, sur Pornichet.\",\"breadcrumb\":{\"@id\":\"https:\/\/eveil-sacre.fr\/index.php\/qui-suis-je\/#breadcrumb\"},\"inLanguage\":\"fr-FR\",\"potentialAction\":[{\"@type\":\"ReadAction\",\"target\":[\"https:\/\/eveil-sacre.fr\/index.php\/qui-suis-je\/\"]}]},{\"@type\":\"BreadcrumbList\",\"@id\":\"https:\/\/eveil-sacre.fr\/index.php\/qui-suis-je\/#breadcrumb\",\"itemListElement\":[{\"@type\":\"ListItem\",\"position\":1,\"name\":\"Accueil\",\"item\":\"https:\/\/eveil-sacre.fr\/\"},{\"@type\":\"ListItem\",\"position\":2,\"name\":\"Qui suis-je ?\"}]}]}<\/script>\n<!-- \/ Yoast SEO plugin. -->","yoast_head_json":{"title":"Qui suis-je ? - WordPress","description":"\"Source d'\u00e9veil - Manon Brasselet\" c'est divers outils pour \u00e9veiller les b\u00e9b\u00e9s, les enfants et les adultes au bien-\u00eatre, sur Pornichet.","robots":{"index":"index","follow":"follow","max-snippet":"max-snippet:-1","max-image-preview":"max-image-preview:large","max-video-preview":"max-video-preview:-1"},"canonical":"https:\/\/eveil-sacre.fr\/index.php\/qui-suis-je\/","og_locale":"fr_FR","og_type":"article","og_title":"Qui suis-je ? - WordPress","og_description":"\"Source d'\u00e9veil - Manon Brasselet\" c'est divers outils pour \u00e9veiller les b\u00e9b\u00e9s, les enfants et les adultes au bien-\u00eatre, sur Pornichet.","og_url":"https:\/\/eveil-sacre.fr\/index.php\/qui-suis-je\/","og_site_name":"WordPress","article_modified_time":"2026-04-16T15:05:31+00:00","twitter_card":"summary_large_image","twitter_misc":{"Dur\u00e9e de lecture estim\u00e9e":"3 minutes"},"schema":{"@context":"https:\/\/schema.org","@graph":[{"@type":"WebSite","@id":"https:\/\/eveil-sacre.fr\/#website","url":"https:\/\/eveil-sacre.fr\/","name":"WordPress","description":"Un site utilisant WordPress","potentialAction":[{"@type":"SearchAction","target":{"@type":"EntryPoint","urlTemplate":"https:\/\/eveil-sacre.fr\/?s={search_term_string}"},"query-input":"required name=search_term_string"}],"inLanguage":"fr-FR"},{"@type":"WebPage","@id":"https:\/\/eveil-sacre.fr\/index.php\/qui-suis-je\/#webpage","url":"https:\/\/eveil-sacre.fr\/index.php\/qui-suis-je\/","name":"Qui suis-je ? - WordPress","isPartOf":{"@id":"https:\/\/eveil-sacre.fr\/#website"},"datePublished":"2021-10-01T15:51:36+00:00","dateModified":"2026-04-16T15:05:31+00:00","description":"\"Source d'\u00e9veil - Manon Brasselet\" c'est divers outils pour \u00e9veiller les b\u00e9b\u00e9s, les enfants et les adultes au bien-\u00eatre, sur Pornichet.","breadcrumb":{"@id":"https:\/\/eveil-sacre.fr\/index.php\/qui-suis-je\/#breadcrumb"},"inLanguage":"fr-FR","potentialAction":[{"@type":"ReadAction","target":["https:\/\/eveil-sacre.fr\/index.php\/qui-suis-je\/"]}]},{"@type":"BreadcrumbList","@id":"https:\/\/eveil-sacre.fr\/index.php\/qui-suis-je\/#breadcrumb","itemListElement":[{"@type":"ListItem","position":1,"name":"Accueil","item":"https:\/\/eveil-sacre.fr\/"},{"@type":"ListItem","position":2,"name":"Qui suis-je ?"}]}]}},"_links":{"self":[{"href":"https:\/\/eveil-sacre.fr\/index.php\/wp-json\/wp\/v2\/pages\/943","targetHints":{"allow":["GET"]}}],"collection":[{"href":"https:\/\/eveil-sacre.fr\/index.php\/wp-json\/wp\/v2\/pages"}],"about":[{"href":"https:\/\/eveil-sacre.fr\/index.php\/wp-json\/wp\/v2\/types\/page"}],"author":[{"embeddable":true,"href":"https:\/\/eveil-sacre.fr\/index.php\/wp-json\/wp\/v2\/users\/1"}],"replies":[{"embeddable":true,"href":"https:\/\/eveil-sacre.fr\/index.php\/wp-json\/wp\/v2\/comments?post=943"}],"version-history":[{"count":20,"href":"https:\/\/eveil-sacre.fr\/index.php\/wp-json\/wp\/v2\/pages\/943\/revisions"}],"predecessor-version":[{"id":1328,"href":"https:\/\/eveil-sacre.fr\/index.php\/wp-json\/wp\/v2\/pages\/943\/revisions\/1328"}],"wp:attachment":[{"href":"https:\/\/eveil-sacre.fr\/index.php\/wp-json\/wp\/v2\/media?parent=943"}],"curies":[{"name":"wp","href":"https:\/\/api.w.org\/{rel}","templated":true}]}}